9. Calculate the remainder when y is divided by 14.
10
Let v(i) = 6*i**2 + 41*i + 4. Calculate the remainder when 433 is divided by v(-7).
4
Let p = -10 + 4. Let a(w) = w**2 + 7*w + 3. Let v be a(p). What is the remainder when 49 is divided by ((-2)/(-6))/(v/(-117))?
10
Let b(q) be the first derivative of q**3/3 - 7*q**2 + 17*q + 7. What is the remainder when 15 is divided by b(13)?
3
Calculate the remainder when 34 is divided by 13 - 13 - 1*-1 - -3.
2
Let y be 1/3 - (-301)/(-21). Let x = y + 17. Calculate the remainder when x is divided by 1.
0
Let f = -301 - -342. Calculate the remainder when 81 is divided by f.
40
Suppose -1134 = -14*t + 11*t. Calculate the remainder when t is divided by 10.
8
Let n = -4 + 7. Let d = -7 + 10. Calculate the remainder when 1 + (10 - d) + -2 is divided by n.
0
Let l(g) = g + 11. Let m be l(10). Suppose m = 2*n + 3*z - 3, -3*n - 2*z = -36. Calculate the remainder when n is divided by 8/12 - 26/(-6).
2
Calculate the remainder when 60 is divided by 12033/756 + (-2)/(-24).
12
Let q(g) = 2*g**2 - 28*g + 105. What is the remainder when 1752 is divided by q(15)?
132
Let y = -14 + 23. Let h(o) = -9 + 8*o - 3*o - 3 + y*o. What is the remainder when h(5) is divided by 20?
18
Suppose f - 189 - 190 = -4*d, 2*f - 93 = -d. What is the remainder when d is divided by 48?
47
Let w(s) = -s**3 - 8*s**2 - 13*s - 6. Let n be w(-6). Suppose n*y + 4*y - 52 = 0. Let q(x) = -x**2 + 9*x + 3. What is the remainder when q(4) is divided by y?
10
Let h(d) = -2*d - 6. Let l be h(-3). Suppose l = -6*z - 1 + 37. Calculate the remainder when 33 is divided by z.
3
Let j = -1283 + 1660. Calculate the remainder when j is divided by 21.
20
Let b(i) = 11*i - 2. Let m be b(-1). Let c(u) = -u - 11. Let z be c(m). Suppose 76 = z*n + 2*n. What is the remainder when n is divided by 10?
9
Suppose -2*t + 3*t + 18 = -2*y, 0 = 2*t + 2*y + 26. Let c be 5 - (0 - t/4). Suppose c*g + 25 = 88. What is the remainder when g is divided by 11?
10
Let x = -67 + -70. Let n be (-4 - x) + -2 + 1. Suppose -3*b + 0*b = -n. Calculate the remainder when b is divided by 16.
12
Let v(q) be the second derivative of q**4/12 - 11*q**3/6 + 14*q**2 - 34*q. What is the remainder when 30 is divided by v(10)?
12
Suppose -3*d + 4*y = -2, 3*d + 13*y - 14 = 14*y. Calculate the remainder when (-8)/12 - (-172)/6 is divided by d.
4
Let q = 26 + 54. Let t = -47 + q. Calculate the remainder when 64 is divided by t.
31
Let w(t) = 75*t - 108. What is the remainder when 208 is divided by w(2)?
40
Let d(n) = -n**2 - 13*n + 23. What is the remainder when 61 is divided by d(-14)?
7
Let l(f) = -f + 1. Let v be l(-3). Suppose -59 = -v*h + 181. Let k = 49 + -28. Calculate the remainder when h is divided by k.
18
Suppose 0 = -2*i - 2*h + 1068, 194 = i + 4*h - 331. Calculate the remainder when i is divided by 27.
24
Let u be 11/(1/(2 - 4)). Suppose -j - w = -33, -w + 6*w = 15. Let n = j + u. What is the remainder when 21 is divided by n?
5
Let n(u) be the second derivative of -11/12*u**4 + 15/2*u**2 + 0 + 8*u + 1/20*u**5 - 5/3*u**3. Calculate the remainder when 116 is divided by n(12).
38
Suppose -4*t - t + 10 = 0. Suppose 3*o - 4*o + d + 11 = 0, t*o - 3*d = 25. What is the remainder when (-58)/(2*2/(-2)) is divided by o?
5
Suppose 6*r - 15 = r. Suppose 7*v + 33 = 187. What is the remainder when v is divided by 38/6 - 1/r?
4
Suppose -4*x + 3870 = 14*x. What is the remainder when x is divided by 24?
23
Suppose -5*g - 84 = -4*b - 7*g, 0 = b + 3*g - 21. Calculate the remainder when b is divided by 4.
1
Let q(l) = -l**3 + 2*l**2 + 4*l - 8. Calculate the remainder when 63 is divided by q(-3).
13
Suppose 0*s + b - 33 = -4*s, 0 = -4*s - 4*b + 36. Calculate the remainder when 1821 is divided by s.
5
Let s = -75 + 128. Let w(l) = -l**2 + 7*l + 7. Let p be w(7). Let t(q) = -q**2 + 14*q - 21. Calculate the remainder when s is divided by t(p).
25
Suppose -70 = i - 229. Calculate the remainder when i is divided by 41.
36
Let i = -952 - -966. Calculate the remainder when 134 is divided by i.
8
Suppose 39 = t - 170. Suppose 6*a - 151 - t = 0. Calculate the remainder when a is divided by 21.
18
Let u be 1/(-2) - 1/(-2). Suppose u = 3*f - 13 - 2. What is the remainder when 27 is divided by f?
2
Let o(u) be the second derivative of u**4/12 - u**3/2 - u**2 + 12*u. What is the remainder when 13 is divided by o(5)?
5
Let j(m) = -m + 7. Let g be j(5). Let x be 6 + (2 + 0)/g. Suppose x = f - 2. What is the remainder when f is divided by 6?
3
Let k = -74 + 128. What is the remainder when 213 is divided by k?
51
Let n(r) be the third derivative of -7*r**4/6 - 31*r**3/6 + 8*r**2. Calculate the remainder when n(-6) is divided by 23.
22
Suppose 5*t + 6*g = 3*g + 416, -328 = -4*t - 4*g. What is the remainder when t is divided by 33?
19
Suppose 0 = p + 2, 0 = 4*n - 4*p - p - 34. Let u = 18 - 38. Let l = 41 + u. What is the remainder when l is divided by n?
3
Let u(a) = 3*a**2 - 4*a + 2. Suppose 2*q - 56 = 24. What is the remainder when q is divided by u(2)?
4
Suppose 0 = -27*v + 22*v + 690. Calculate the remainder when v is divided by 44.
6
Calculate the remainder when 998/8 - 3*(-15)/180 is divided by 16.
13
Let h be 27*-5*(-6)/18. Let k = h + -11. Calculate the remainder when k is divided by 12.
10
Suppose 36*p - 8 = 34*p. Calculate the remainder when 11 is divided by p.
3
Let d(k) = 7*k**2 + k - 2. Let y be d(-2). Suppose 4*s - s - 26 = -f, y = f + 4*s. Calculate the remainder when f is divided by 11.
10
Suppose 612 = 101*g - 83*g. What is the remainder when g is divided by 14?
6
Suppose 0 = -157*x + 159*x - 24. What is the remainder when 26 is divided by x?
2
Let k(z) = 7*z - 2. Suppose u - 4 = -0. Suppose 5*q + 25 = 0, 4*q + 64 = u*o - 88. What is the remainder when o is divided by k(2)?
9
Let t = 16 - 22. Let f be ((-48)/5)/(t/(-75)). Calculate the remainder when 45 is divided by f/16*(-8)/5.
9
Let t = -15 - -9. Let y(u) = u**3 + 6*u**2 - 2*u - 7. Calculate the remainder when (8 - 9)*(0 + -17) is divided by y(t).
2
Let r = 539 + 2302. Calculate the remainder when r is divided by 98.
97
Calculate the remainder when 70 is divided by ((2 - -2) + -16)*6/(-12).
4
Suppose 39 = j - 0*j. Let k = j - -18. What is the remainder when k is divided by 24?
9
Let m = -97 + 141. Calculate the remainder when 73 is divided by m.
29
Let g = -527 - -561. Calculate the remainder when 915 is divided by g.
31
Let k(n) = -6*n - 15. Let b be k(11). Let t = b - -96. Calculate the remainder when t is divided by 6.
3
Let b = -30 - -43. Let v = b - 9. Suppose -395 = -9*y + v*y. What is the remainder when y is divided by 21?
16
Suppose 4*i = x + 2*x + 40, i - 15 = 2*x. Calculate the remainder when 30 is divided by (i/(-3))/((-5)/15).
2
Calculate the remainder when 58 is divided by ((-24)/(-7))/(24/84).
10
Let g(s) = -6*s**3 - s**2 + 9*s + 17. What is the remainder when g(-2) is divided by 19?
5
Let p = -224 - -230. What is the remainder when 149 is divided by p?
5
Suppose d = 5*d - 5*i - 2, -5*d - 5*i = 20. Calculate the remainder when (4/2)/(d/(-10)) is divided by 6.
4
Let m = -91 + 173. Suppose 0*v = -4*v + 2*u + m, 3*u = 3*v - 66. What is the remainder when 46 is divided by v?
8
Let k(l) = -17*l**3 + 3*l**2 + l - 2. Let m be k(-2). Suppose 0 = a + 2*a - m. What is the remainder when a is divided by 17?
14
Let l = -16 - -25. Let m be (-6)/l + 151/(-3). Let t = m - -132. What is the remainder when t is divided by 28?
25
Let a(z) = -z + 20. Let p(x) = x**3 + 4*x**2 + 3. Let h be p(-4). Suppose -7*b = -h*b. What is the remainder when a(b) is divided by 11?
9
Let b = 458 - 20. Calculate the remainder when b is divided by 55.
53
Let k = 16 - 15. Suppose v - 4 = 0, -q + 10 = -v + k. Calculate the remainder when q is divided by 8.
5
Let p(y) = 12*y - 85. Let b = -9 + 71. What is the remainder when b is divided by p(8)?
7
Suppose 0 = 22*l - 30 - 14. What is the remainder when 36 is divided by l?
0
Suppose 6*l + 27 = 3*l - 3*d, 2*d = 5*l + 24. Let u(h) = -24 + 11 + 18 - 8*h + 6. What is the remainder when u(l) is divided by 20?
19
What is the remainder when 114 is divided by 39/(3 - (-2 + 4))?
36
Suppose -57*m + 12100 = -8990. Calculate the remainder when m is divided by 53.
52
Let b(w) be the first derivative of w**3/3 + 7*w**2/2 - 33*w + 12. What is the r